594 + 661. Calculate the remainder when m is divided by 10.
7
Let v be 1 - (-2 + 4 + -46). Calculate the remainder when 10 is divided by (v/75)/((-1)/(-5)).
1
Suppose 3*l + 609 = 4*b, -21*l = -5*b - 2*l + 807. What is the remainder when b is divided by 39?
33
Let a = -170 - -49. Let t = -66 - a. Suppose 0 = 16*p - 11*p - t. What is the remainder when p is divided by 6?
5
Let h = 2 + 2. Suppose -5*x + 112 = -h*z + 373, x - 54 = -z. Let l = 16 - -14. What is the remainder when z is divided by l?
29
Suppose -u + 32 = 3*j + j, -3*j - 71 = -4*u. Let n = 668 + -661. Calculate the remainder when u is divided by n.
6
Suppose -3*a = 5*b - 36, 2*a - b - 17 - 7 = 0. Suppose -3*p = -6*f + 2*f + 30, 3*p = 5*f - 39. Calculate the remainder when a is divided by f.
3
Suppose -65*d - 20 = -66*d. What is the remainder when 132 is divided by d?
12
Suppose -z + 0*z = -281. Suppose 2*w + 215 = 7*w. Suppose 4*q - w - z = 0. What is the remainder when q is divided by 28?
25
Let o(m) = 73*m - 203. What is the remainder when o(4) is divided by 67?
22
Let j(w) = w**2 + w + 10. What is the remainder when j(-3) is divided by 11?
5
Let k be 4/(-32)*-10*4. Let i(a) = a**2 - 6*a + 14. What is the remainder when (3*-1)/(1/(-11)) is divided by i(k)?
6
Let i(y) = -8*y**2 + 14*y - 5. Let l be i(4). Let o = l - -132. Calculate the remainder when 162 is divided by o.
52
Suppose 8*b - 165 = 75. Suppose 2*s - 15 = -g + 158, -3 = g. Calculate the remainder when s is divided by b.
28
Let o be -1 - -3 - 5 - -3. Suppose s + 7*s - 8 = o. What is the remainder when 3 is divided by s?
0
Suppose -5*j = -4*p + 85, -3*j + 0*j - 116 = -5*p. Let s = 905 - 896. What is the remainder when p is divided by s?
7
Let u be (15/30)/((2/16)/(-1)). What is the remainder when 71 is divided by u/18 + (-3 - (-1146)/54)?
17
Calculate the remainder when 9294/16 - (1 - (-45)/(-40)) is divided by 117.
113
Suppose 0*j + 2*j - 8 = 0. Suppose 5*d + 6*m - 163 = 2*m, 3*d + m - 95 = 0. Let f = -20 + d. What is the remainder when f is divided by j?
3
Suppose -2*f - 2 + 10 = 0. Let j be 22/(-6)*(f - 1). Let a = -6 - j. Calculate the remainder when 19 is divided by a.
4
Let l(q) = -q**3 + 8*q**2 + 2*q - 3. Let d be (-1 - 11/(-3))/(4/12). Calculate the remainder when 38 is divided by l(d).
12
Let r = -230 + 484. What is the remainder when r is divided by 22?
12
Let y(q) = 12*q + 103. Let f(t) = 5*t**2 - 1. Let h = 1 - 0. What is the remainder when y(-8) is divided by f(h)?
3
Let k(n) = -5*n**2 + 77*n - 7. Calculate the remainder when 73 is divided by k(15).
4
Let i = 497 + -262. Suppose a + s - 8 = 50, 4*a - i = -5*s. Calculate the remainder when a is divided by 21/(-14) + 41/2.
17
Let x be (0 - -1)/(11/55). Suppose 0 = 5*o - 10 - x. Calculate the remainder when 3 is divided by o.
0
Let p(h) be the first derivative of -h**2 + 9*h - 8. Let i(s) = s + 14. What is the remainder when p(-8) is divided by i(0)?
11
Suppose 37 = -u + 120. Suppose -2*f + u = -f. Calculate the remainder when f is divided by 28.
27
Let l(d) = 684*d**3 + d**2 - 4*d + 3. What is the remainder when l(1) is divided by 98?
96
Let l = -493 + 558. Calculate the remainder when 256 is divided by l.
61
Let b(y) = 23*y + 1660. Let k = -30 + 42. Let a = 22 - k. Calculate the remainder when a is divided by b(-72).
2
Let s = -598 + 711. Calculate the remainder when s is divided by 66.
47
Suppose 0 = -6*m - 298 - 338. Let r = 116 + m. Calculate the remainder when r is divided by ((-12)/(-10))/(2/10).
4
Suppose 6 = 2*b - 14. Calculate the remainder when 387 is divided by b.
7
Let o(l) = -2*l + 43. What is the remainder when 140 is divided by o(-1)?
5
Let h(q) = -q**3 + 8*q**2 - 4*q + 7. Let f be h(6). Suppose 5*k = 5*p - f, 0*p + 5*p - 3*k - 49 = 0. Calculate the remainder when 22 is divided by p.
6
Let q = -79 - -102. Let a(t) = -t**2 - 5*t + 6. Let l be a(-6). Suppose -j + 3*j - 88 = l. Calculate the remainder when j is divided by q.
21
Suppose -4*f - 2*u - 21 = -177, -5*u = -3*f + 91. What is the remainder when f is divided by 21?
16
What is the remainder when 19 is divided by (9 + -11)*(-42)/12?
5
Let h(j) = -9 + 8*j**2 + 7*j + j**3 + 0*j + 0*j. Let r be h(-8). Let q = r - -108. What is the remainder when q is divided by 15?
13
Suppose 2*j - 35 - 5 = 0. Calculate the remainder when (1 - 55/35) + (438/7 - 4) is divided by j.
18
Suppose 3 = 3*i, -t - 10 = i - 24. Let p(r) = r**3 - 6*r**2 + 3*r + 6. What is the remainder when p(6) is divided by t?
11
Suppose -7*z = -10*z + 57. Suppose -114 = -s + 5*v, -2*s = -v - 182 - z. Calculate the remainder when s is divided by 26.
21
Let y(j) = 10*j + 217. What is the remainder when 2545 is divided by y(-15)?
66
Let p = -200 - -289. Suppose 16*a = 3*a + 364. Suppose -5*k + j - 29 = -p, 3*j - a = -k. What is the remainder when k is divided by 5?
3
Calculate the remainder when 350 is divided by 80 - (9 + -12)*3.
83
Let p = 318 - 244. What is the remainder when p is divided by 22?
8
Let z = 116 + -114. Suppose -4 - 18 = -z*g. What is the remainder when g is divided by 6?
5
Let w = -64 + 75. Suppose w*s - 126 = 9*s. What is the remainder when s is divided by 6?
3
Let b(x) = 2*x**2 - 9*x + 4. Suppose -10*f + s - 195 = -15*f, 0 = -f - 3*s + 25. Calculate the remainder when f is divided by b(6).
18
Suppose 0 = 2*d - 4*l - 290, 2*d - 5*d = 3*l - 399. Suppose -3*c = -v - 0*v + 28, -28 = -v + 4*c. Calculate the remainder when d is divided by v.
25
Let p be 1 + 2 + 0 - 2. Let f be (-3 + 4/12)*-51. Suppose -f = -4*x + 4*v, -p = 5*v + 14. Calculate the remainder when x is divided by 11.
9
Let b = -342 + 947. Calculate the remainder when b is divided by 32.
29
Let y = 60 - 2. What is the remainder when y is divided by 21?
16
What is the remainder when (13/3)/((-1)/(-9)) is divided by 890/45 + 26/117?
19
Let n = -4475 + 4522. Let q = -259 - -397. Calculate the remainder when q is divided by n.
44
Let y be 80/8 + -2 + -2. Let z(j) = 4 - 16 + 0*j**2 - j**2 + y - 8*j. What is the remainder when 17 is divided by z(-5)?
8
Suppose 22 = m + 2*v, 2*v - 6*v = -2*m + 12. Suppose 0 = 3*c + b + 138, 214 = -4*c - 4*b + 38. Let x = -7 - c. Calculate the remainder when x is divided by m.
12
Let g(v) = -2*v**2 + v. Let d be g(3). Let z(h) = h**2 + 35*h + 246. Let y be z(-10). What is the remainder when 51 is divided by (13/y)/(d/60)?
12
Let s(u) = 4*u**2 - 5*u + 2. Calculate the remainder when s(4) is divided by 13.
7
Let x = -1587 + 2106. Calculate the remainder when x is divided by 6.
3
Let k(r) = -r**2 - r + 18. Suppose -5*z = -m + 1 + 2, 2*m - 6 = -4*z. Suppose 0 = -14*c + 461 + 29. Calculate the remainder when c is divided by k(z).
17
Let o = 16 + 7. Suppose -3*h + 34 = -95. What is the remainder when h is divided by o?
20
Suppose 2*z - 150 = -3*z. Let b = 21 + 47. Suppose b = -3*g + 101. What is the remainder when z is divided by g?
8
Let w(l) = -l**3 + 3*l**2 + 5*l - 4. Suppose -20*h = -24*h + 156. Calculate the remainder when h is divided by w(3).
6
Suppose -x = 3*l - 14, -4*x + 0*x + 23 = l. Suppose -w + 2*b = 4*b - 18, 64 = l*w + b. What is the remainder when w is divided by 6?
4
Suppose -7*v + 6*v = m - 106, v + 5*m = 106. What is the remainder when v is divided by 30?
16
What is the remainder when 1/((49/(-707))/(-7)) is divided by 46?
9
Let o be (-4 - (0 + -2))*1. Let j(s) = -17*s + 12. Calculate the remainder when 180 is divided by j(o).
42
Suppose -3*m + 2*i - 14 = 0, 5*m - m + 3*i - 4 = 0. What is the remainder when m + -4 + 102 + 2 is divided by 25?
23
Let p(o) = 13*o - 12*o**3 + 17*o**2 + 13*o**3 - 4 + 0. Calculate the remainder when p(-16) is divided by 24.
20
Let m = 81 - -119. Suppose 11*x = m + 9. Calculate the remainder when 31 is divided by x.
12
Let u(c) = 2*c**2 - 39*c - 204. Calculate the remainder when 431 is divided by u(24).
11
Let y(b) = b**3 + 4*b**2 - 25*b - 80. What is the remainder when 119 is divided by y(-4)?
19
Let r(v) = v**3 + 6*v**2 - v - 4. Let y be r(-6). Suppose -l - 2 = 0, 0*t = y*t - 5*l - 34. What is the remainder when (64/6)/((-1)/(-3)) is divided by t?
8
Let d = -762 - -418. Suppose 5*b + 20 = 0, 4*t + 82 = -3*b - 106. Calculate the remainder when d/t - (-2)/11 is divided by 3.
2
What is the remainder when (6 - 507/18)*-12 is divided by 68?
62
Let n = 28 - 46. Let a = 30 + n. Suppose 0 = -0*o + o - 5